{"id":58,"date":"2019-12-19T16:49:31","date_gmt":"2019-12-19T16:49:31","guid":{"rendered":"https:\/\/www.seniorenbeirat-wustrow.de\/?page_id=58"},"modified":"2026-04-03T08:48:40","modified_gmt":"2026-04-03T07:48:40","slug":"startseite","status":"publish","type":"page","link":"https:\/\/www.seniorenbeirat-wustrow.de\/","title":{"rendered":"Startseite"},"content":{"rendered":"\n<div class=\"wp-block-columns is-layout-flex wp-container-core-columns-is-layout-28f84493 wp-block-columns-is-layout-flex\">\n<div class=\"wp-block-column is-layout-flow wp-block-column-is-layout-flow\" style=\"flex-basis:70%\">\n<div class=\"wp-block-cover has-parallax\"><div class=\"wp-block-cover__image-background wp-image-455 has-parallax\" style=\"background-position:50% 50%;background-image:url(https:\/\/www.seniorenbeirat-wustrow.de\/wp-content\/uploads\/2020\/01\/P1150018_1-scaled.jpg)\"><\/div><span aria-hidden=\"true\" class=\"wp-block-cover__background has-background-dim-70 has-background-dim\"><\/span><div class=\"wp-block-cover__inner-container is-layout-flow wp-block-cover-is-layout-flow\">\n<p class=\"has-text-align-center has-very-light-gray-color has-text-color has-large-font-size\">Neuigkeiten aus Wustrow<\/p>\n\n\n<ul class=\"wp-block-latest-posts__list has-dates has-author wp-block-latest-posts\"><li><a class=\"wp-block-latest-posts__post-title\" href=\"https:\/\/www.seniorenbeirat-wustrow.de\/index.php\/2026\/04\/16\/informationsveranstaltung-zu-medizinischen-hilfsmitteln-in-wustrow\/\">Informationsveranstaltung zu medizinischen Hilfsmitteln in Wustrow<\/a><div class=\"wp-block-latest-posts__post-author\">von Birgit Drews<\/div><time datetime=\"2026-04-16T21:55:00+01:00\" class=\"wp-block-latest-posts__post-date\">16. April 2026<\/time><div class=\"wp-block-latest-posts__post-excerpt\">Am\u00a014. April\u00a02026 fand in der Kindertagesst\u00e4tte in Wustrow eine gemeinsame Informationsveranstaltung der Boddenkliniken Ribnitz-Damgarten GmbH, des Seniorenbeirates Wustrow sowie regionaler Sanit\u00e4tsh\u00e4user statt.\u2026\u00a0<a class=\"wp-block-latest-posts__read-more\" href=\"https:\/\/www.seniorenbeirat-wustrow.de\/index.php\/2026\/04\/16\/informationsveranstaltung-zu-medizinischen-hilfsmitteln-in-wustrow\/\" rel=\"noopener noreferrer\"><span class=\"screen-reader-text\">Informationsveranstaltung zu medizinischen Hilfsmitteln in Wustrow <\/span>weiterlesen<\/a><\/div><\/li>\n<li><a class=\"wp-block-latest-posts__post-title\" href=\"https:\/\/www.seniorenbeirat-wustrow.de\/index.php\/2026\/04\/16\/danke-fuer-14-jahre-herzblut-im-seniorenbeirat\/\">Danke f\u00fcr 14 Jahre Herzblut im Seniorenbeirat<\/a><div class=\"wp-block-latest-posts__post-author\">von Birgit Drews<\/div><time datetime=\"2026-04-16T21:39:00+01:00\" class=\"wp-block-latest-posts__post-date\">16. April 2026<\/time><div class=\"wp-block-latest-posts__post-excerpt\">Wieder verabschiedet sich eine ganz besondere, engagierte Pers\u00f6nlichkeit aus dem aktiven Kreis des Seniorenbeirates. Viele Jahre lang hat sie unsere Arbeit mit\u2026\u00a0<a class=\"wp-block-latest-posts__read-more\" href=\"https:\/\/www.seniorenbeirat-wustrow.de\/index.php\/2026\/04\/16\/danke-fuer-14-jahre-herzblut-im-seniorenbeirat\/\" rel=\"noopener noreferrer\"><span class=\"screen-reader-text\">Danke f\u00fcr 14 Jahre Herzblut im Seniorenbeirat <\/span>weiterlesen<\/a><\/div><\/li>\n<li><a class=\"wp-block-latest-posts__post-title\" href=\"https:\/\/www.seniorenbeirat-wustrow.de\/index.php\/2026\/04\/09\/zum-kennenlernen-und-mitspielen\/\">Zum Kennenlernen und Mitspielen<\/a><div class=\"wp-block-latest-posts__post-author\">von Birgit Drews<\/div><time datetime=\"2026-04-09T19:36:00+01:00\" class=\"wp-block-latest-posts__post-date\">9. April 2026<\/time><div class=\"wp-block-latest-posts__post-excerpt\">Der Seniorenbeirat Wustrow unterst\u00fctzt gerne den Hinweis auf eine musikalische Mitmach-Veranstaltung in unserer Region: Frau von Ehrenwall stellt die Tischharfe vor \u2013\u2026\u00a0<a class=\"wp-block-latest-posts__read-more\" href=\"https:\/\/www.seniorenbeirat-wustrow.de\/index.php\/2026\/04\/09\/zum-kennenlernen-und-mitspielen\/\" rel=\"noopener noreferrer\"><span class=\"screen-reader-text\">Zum Kennenlernen und Mitspielen <\/span>weiterlesen<\/a><\/div><\/li>\n<li><a class=\"wp-block-latest-posts__post-title\" href=\"https:\/\/www.seniorenbeirat-wustrow.de\/index.php\/2026\/03\/31\/wustrower-fruehjahrsputz-2026\/\">Wustrower Fr\u00fchjahrsputz 2026<\/a><div class=\"wp-block-latest-posts__post-author\">von Chandika Loh<\/div><time datetime=\"2026-03-31T17:57:00+01:00\" class=\"wp-block-latest-posts__post-date\">31. M\u00e4rz 2026<\/time><div class=\"wp-block-latest-posts__post-excerpt\">Am Samstag, den 28. M\u00e4rz 2026 um 9.00 fanden sich wieder zahlreiche Helferinnen und Helfer zum diesj\u00e4hrigen Fr\u00fchjahrsputz am Treffpunkt vor der\u2026\u00a0<a class=\"wp-block-latest-posts__read-more\" href=\"https:\/\/www.seniorenbeirat-wustrow.de\/index.php\/2026\/03\/31\/wustrower-fruehjahrsputz-2026\/\" rel=\"noopener noreferrer\"><span class=\"screen-reader-text\">Wustrower Fr\u00fchjahrsputz 2026 <\/span>weiterlesen<\/a><\/div><\/li>\n<li><a class=\"wp-block-latest-posts__post-title\" href=\"https:\/\/www.seniorenbeirat-wustrow.de\/index.php\/2026\/03\/13\/eine-nicht-genauer-einzuordnende-rostocker-bark\/\">Eine &#8222;nicht genauer einzuordnende&#8220; Rostocker Bark ?<\/a><div class=\"wp-block-latest-posts__post-author\">von Birgit Drews<\/div><time datetime=\"2026-03-13T17:35:47+01:00\" class=\"wp-block-latest-posts__post-date\">13. M\u00e4rz 2026<\/time><div class=\"wp-block-latest-posts__post-excerpt\">Versuch einer Identifizierung Der nachfolgende Beitrag k\u00f6nnte f\u00fcr Wustrower Einwohner interessant sein, da er sich mit der Geschichte der Segelschifffahrt besch\u00e4ftigt und\u2026\u00a0<a class=\"wp-block-latest-posts__read-more\" href=\"https:\/\/www.seniorenbeirat-wustrow.de\/index.php\/2026\/03\/13\/eine-nicht-genauer-einzuordnende-rostocker-bark\/\" rel=\"noopener noreferrer\"><span class=\"screen-reader-text\">Eine &#8222;nicht genauer einzuordnende&#8220; Rostocker Bark ? <\/span>weiterlesen<\/a><\/div><\/li>\n<\/ul>\n\n\n<div style=\"height:39px\" aria-hidden=\"true\" class=\"wp-block-spacer\"><\/div>\n\n\n\n<p><strong>Weitere Beitr\u00e4ge sind auf der Seite&nbsp; <a href=\"https:\/\/www.seniorenbeirat-wustrow.de\/index.php\/kategorie\/neuigkeiten-aus-wustrow\/\">Archiv\/Neuigkeiten<\/a>&nbsp; zu finden.<\/strong><\/p>\n\n\n\n<p><\/p>\n<\/div><\/div>\n<\/div>\n\n\n\n<div class=\"wp-block-column is-layout-flow wp-block-column-is-layout-flow\" style=\"flex-basis:30%\">\n<div class=\"wp-block-cover has-parallax\"><div class=\"wp-block-cover__image-background wp-image-460 has-parallax\" style=\"background-position:50% 50%;background-image:url(https:\/\/www.seniorenbeirat-wustrow.de\/wp-content\/uploads\/2020\/01\/20150501_1.jpg)\"><\/div><span aria-hidden=\"true\" class=\"wp-block-cover__background has-background-dim-70 has-background-dim\"><\/span><div class=\"wp-block-cover__inner-container is-layout-flow wp-block-cover-is-layout-flow\">\n<p class=\"has-text-align-center has-very-light-gray-color has-text-color has-large-font-size\">Informationsblatt <\/p>\n\n\n\n<p class=\"has-text-align-center has-very-light-gray-color has-text-color\">f\u00fcr Einwohner des Ostseebades Wustrow und Freunde<\/p>\n\n\n<ul class=\"wp-block-latest-posts__list has-dates has-author wp-block-latest-posts\"><li><a class=\"wp-block-latest-posts__post-title\" href=\"https:\/\/www.seniorenbeirat-wustrow.de\/index.php\/2026\/02\/26\/informationsblatt-maerz-2026\/\">Informationsblatt M\u00e4rz 2026<\/a><div class=\"wp-block-latest-posts__post-author\">von Redaktionsteam Wustrower Infoheft<\/div><time datetime=\"2026-02-26T22:42:00+01:00\" class=\"wp-block-latest-posts__post-date\">26. Februar 2026<\/time><div class=\"wp-block-latest-posts__post-full-content\"><!-- wp:file {\"id\":2612,\"href\":\"https:\/\/www.seniorenbeirat-wustrow.de\/wp-content\/uploads\/2026\/02\/2603Info66WuVe.pdf\",\"showDownloadButton\":false,\"displayPreview\":false} -->\n<div class=\"wp-block-file\"><a id=\"wp-block-file--media-92357908-13f0-40c3-83e4-0abb1a545f10\" href=\"https:\/\/www.seniorenbeirat-wustrow.de\/wp-content\/uploads\/2026\/02\/2603Info66WuVe.pdf\" target=\"_blank\" rel=\"noreferrer noopener\">Nr. 66<\/a><\/div>\n<!-- \/wp:file -->\n\n<!-- wp:paragraph -->\n<p><\/p>\n<!-- \/wp:paragraph --><\/div><\/li>\n<li><a class=\"wp-block-latest-posts__post-title\" href=\"https:\/\/www.seniorenbeirat-wustrow.de\/index.php\/2025\/12\/08\/informationsblatt-dezember-2025\/\">Informationsblatt Dezember 2025<\/a><div class=\"wp-block-latest-posts__post-author\">von Redaktionsteam Wustrower Infoheft<\/div><time datetime=\"2025-12-08T18:09:00+01:00\" class=\"wp-block-latest-posts__post-date\">8. Dezember 2025<\/time><div class=\"wp-block-latest-posts__post-full-content\"><!-- wp:file {\"id\":2530,\"href\":\"https:\/\/www.seniorenbeirat-wustrow.de\/wp-content\/uploads\/2025\/12\/Nr65.pdf\",\"showDownloadButton\":false,\"displayPreview\":false} -->\n<div class=\"wp-block-file\"><a id=\"wp-block-file--media-f128f13b-4e18-4e66-a84f-ae18e0e14087\" href=\"https:\/\/www.seniorenbeirat-wustrow.de\/wp-content\/uploads\/2025\/12\/Nr65.pdf\" target=\"_blank\" rel=\"noreferrer noopener\">Nr. 65<\/a><\/div>\n<!-- \/wp:file -->\n\n<!-- wp:paragraph -->\n<p><\/p>\n<!-- \/wp:paragraph --><\/div><\/li>\n<li><a class=\"wp-block-latest-posts__post-title\" href=\"https:\/\/www.seniorenbeirat-wustrow.de\/index.php\/2025\/09\/08\/informationsblatt-september-2025\/\">Informationsblatt September 2025<\/a><div class=\"wp-block-latest-posts__post-author\">von Redaktionsteam Wustrower Infoheft<\/div><time datetime=\"2025-09-08T18:52:51+01:00\" class=\"wp-block-latest-posts__post-date\">8. September 2025<\/time><div class=\"wp-block-latest-posts__post-full-content\"><!-- wp:file {\"id\":2429,\"href\":\"https:\/\/www.seniorenbeirat-wustrow.de\/wp-content\/uploads\/2025\/09\/Nr64.pdf\",\"showDownloadButton\":false,\"displayPreview\":false} -->\n<div class=\"wp-block-file\"><a id=\"wp-block-file--media-e5357c78-4efc-4dd2-960a-d900e4057bf1\" href=\"https:\/\/www.seniorenbeirat-wustrow.de\/wp-content\/uploads\/2025\/09\/Nr64.pdf\" target=\"_blank\" rel=\"noreferrer noopener\">Nr. 64<\/a><\/div>\n<!-- \/wp:file -->\n\n<!-- wp:paragraph -->\n<p><\/p>\n<!-- \/wp:paragraph --><\/div><\/li>\n<li><a class=\"wp-block-latest-posts__post-title\" href=\"https:\/\/www.seniorenbeirat-wustrow.de\/index.php\/2025\/06\/03\/informationsblatt-juni-2025\/\">Informationsblatt Juni 2025<\/a><div class=\"wp-block-latest-posts__post-author\">von Redaktionsteam Wustrower Infoheft<\/div><time datetime=\"2025-06-03T18:09:00+01:00\" class=\"wp-block-latest-posts__post-date\">3. Juni 2025<\/time><div class=\"wp-block-latest-posts__post-full-content\"><!-- wp:file {\"id\":2385,\"href\":\"https:\/\/www.seniorenbeirat-wustrow.de\/wp-content\/uploads\/2025\/06\/Nr63.pdf\",\"showDownloadButton\":false,\"displayPreview\":false} -->\n<div class=\"wp-block-file\"><a id=\"wp-block-file--media-739c0bd9-1ab7-4322-b24e-bdc69ce134d6\" href=\"https:\/\/www.seniorenbeirat-wustrow.de\/wp-content\/uploads\/2025\/06\/Nr63.pdf\" target=\"_blank\" rel=\"noreferrer noopener\">Nr. 63<\/a><\/div>\n<!-- \/wp:file --><\/div><\/li>\n<\/ul>\n\n\n<p><strong>Weitere Informationsbl\u00e4tter sind auf der Seite&nbsp; <a href=\"https:\/\/www.seniorenbeirat-wustrow.de\/index.php\/kategorie\/informationsblatt\/\">Archiv\/Informationsblatt<\/a>&nbsp; zu finden.<\/strong><\/p>\n\n\n\n<p class=\"has-text-align-center has-very-light-gray-color has-text-color has-large-font-size\"><\/p>\n\n\n\n<div style=\"height:41px\" aria-hidden=\"true\" class=\"wp-block-spacer\"><\/div>\n<\/div><\/div>\n<\/div>\n<\/div>\n\n\n\n<div style=\"height:30px\" aria-hidden=\"true\" class=\"wp-block-spacer\"><\/div>\n\n\n\n<div class=\"wp-block-cover\"><img loading=\"lazy\" decoding=\"async\" width=\"1920\" height=\"1280\" class=\"wp-block-cover__image-background wp-image-844\" alt=\"\" src=\"https:\/\/www.seniorenbeirat-wustrow.de\/wp-content\/uploads\/2020\/02\/IMG_6500_2.jpg\" data-object-fit=\"cover\" srcset=\"https:\/\/www.seniorenbeirat-wustrow.de\/wp-content\/uploads\/2020\/02\/IMG_6500_2.jpg 1920w, https:\/\/www.seniorenbeirat-wustrow.de\/wp-content\/uploads\/2020\/02\/IMG_6500_2-300x200.jpg 300w, https:\/\/www.seniorenbeirat-wustrow.de\/wp-content\/uploads\/2020\/02\/IMG_6500_2-1024x683.jpg 1024w, https:\/\/www.seniorenbeirat-wustrow.de\/wp-content\/uploads\/2020\/02\/IMG_6500_2-768x512.jpg 768w, https:\/\/www.seniorenbeirat-wustrow.de\/wp-content\/uploads\/2020\/02\/IMG_6500_2-1536x1024.jpg 1536w, https:\/\/www.seniorenbeirat-wustrow.de\/wp-content\/uploads\/2020\/02\/IMG_6500_2-830x553.jpg 830w, https:\/\/www.seniorenbeirat-wustrow.de\/wp-content\/uploads\/2020\/02\/IMG_6500_2-230x153.jpg 230w, https:\/\/www.seniorenbeirat-wustrow.de\/wp-content\/uploads\/2020\/02\/IMG_6500_2-350x233.jpg 350w, https:\/\/www.seniorenbeirat-wustrow.de\/wp-content\/uploads\/2020\/02\/IMG_6500_2-480x320.jpg 480w\" sizes=\"auto, (max-width: 1920px) 100vw, 1920px\" \/><span aria-hidden=\"true\" class=\"wp-block-cover__background has-background-dim\" style=\"background-color:#4a4a4a\"><\/span><div class=\"wp-block-cover__inner-container has-global-padding is-layout-constrained wp-block-cover-is-layout-constrained\">\n<p class=\"has-text-align-center has-large-font-size\">K\u00e4the-Miethe-Stammtisch<\/p>\n\n\n<ul class=\"wp-block-latest-posts__list has-dates has-author wp-block-latest-posts\"><li><a class=\"wp-block-latest-posts__post-title\" href=\"https:\/\/www.seniorenbeirat-wustrow.de\/index.php\/2026\/04\/03\/anfaenge-einer-webseite\/\">Anf\u00e4nge einer Webseite<\/a><div class=\"wp-block-latest-posts__post-author\">von Dr.H. Seibt<\/div><time datetime=\"2026-04-03T08:49:04+01:00\" class=\"wp-block-latest-posts__post-date\">3. April 2026<\/time><div class=\"wp-block-latest-posts__post-full-content\"><p>K\u00e4the Miethe erh\u00e4lt nun endlich ein &#8222;eigenes zu Hause&#8220; im Internet.<\/p>\n<p>Die Neuigkeiten zur Familie sind auf der Seite <a href=\"https:\/\/die-miethes.de\/\" target=\"_blank\" rel=\"noopener\">&#8222;die Miethes&#8220;<\/a>\u00a0 zu finden.<\/p>\n<p>Auch\u00a0 die bisher an dieser Stelle abgebildeten monatlichen Newsletter werden eingestellt.\u00a0<\/p>\n\n<!-- wp:paragraph -->\n<p><\/p>\n<!-- \/wp:paragraph -->\n\n<!-- wp:paragraph -->\n<p><\/p>\n<!-- \/wp:paragraph --><\/div><\/li>\n<\/ul>\n\n\n<p><strong>Weitere Fundst\u00fccke sind auf der Seite\u00a0\u00a0<a href=\"https:\/\/www.seniorenbeirat-wustrow.de\/index.php\/kategorie\/neues-aus-kaethe-miethes-feder\/\">Archiv\/ K\u00e4the-Miete-Stammtisch<\/a>\u00a0 zu finden.<\/strong><\/p>\n<\/div><\/div>\n\n\n\n<p><\/p>\n","protected":false},"excerpt":{"rendered":"","protected":false},"author":1,"featured_media":0,"parent":0,"menu_order":0,"comment_status":"closed","ping_status":"closed","template":"page-templates\/page_fullwidth.php","meta":{"footnotes":""},"class_list":["post-58","page","type-page","status-publish","hentry"],"_links":{"self":[{"href":"https:\/\/www.seniorenbeirat-wustrow.de\/index.php\/wp-json\/wp\/v2\/pages\/58","targetHints":{"allow":["GET"]}}],"collection":[{"href":"https:\/\/www.seniorenbeirat-wustrow.de\/index.php\/wp-json\/wp\/v2\/pages"}],"about":[{"href":"https:\/\/www.seniorenbeirat-wustrow.de\/index.php\/wp-json\/wp\/v2\/types\/page"}],"author":[{"embeddable":true,"href":"https:\/\/www.seniorenbeirat-wustrow.de\/index.php\/wp-json\/wp\/v2\/users\/1"}],"replies":[{"embeddable":true,"href":"https:\/\/www.seniorenbeirat-wustrow.de\/index.php\/wp-json\/wp\/v2\/comments?post=58"}],"version-history":[{"count":128,"href":"https:\/\/www.seniorenbeirat-wustrow.de\/index.php\/wp-json\/wp\/v2\/pages\/58\/revisions"}],"predecessor-version":[{"id":2680,"href":"https:\/\/www.seniorenbeirat-wustrow.de\/index.php\/wp-json\/wp\/v2\/pages\/58\/revisions\/2680"}],"wp:attachment":[{"href":"https:\/\/www.seniorenbeirat-wustrow.de\/index.php\/wp-json\/wp\/v2\/media?parent=58"}],"curies":[{"name":"wp","href":"https:\/\/api.w.org\/{rel}","templated":true}]}}